 l(q) = -q + 6*q**2 - 3*q + 3*q + q**3 + 4*q. Let c be l(-2). What is the greatest common divisor of c and b?
2
Let v be -2 + (3 - (-7 + 0) - -2). Suppose -v*q = -116 - 344. What is the highest common factor of 23 and q?
23
Suppose 3*p = 1 + 2, -3*o - 2*p = -53. Suppose -3*l - 153 = -6*l. Let j = l + o. Calculate the greatest common factor of j and 17.
17
Let j(i) be the first derivative of 5*i**3/3 - 2*i**2 + 3*i + 5. Let d be j(2). Let l be -25*((-14)/10 + -1). Calculate the greatest common divisor of l and d.
15
Suppose 4*m = 19*w - 15*w - 2048, -m - 2 = 0. Calculate the greatest common divisor of w and 60.
30
Suppose -5*f - 11 = -2*q, -q + 189*f = 190*f - 23. Let s = -132 + 186. Calculate the greatest common factor of s and q.
18
Let n(j) = -18*j + 111. Let c be n(6). Calculate the highest common factor of c and 201.
3
Let w = -7 - -18. Let r(p) = p**2 + 7*p - 33. Let b = -17 - -6. Let m be r(b). What is the greatest common divisor of m and w?
11
Let c = 1167 + -1143. Calculate the greatest common factor of c and 684.
12
Suppose 4*a - 214 = v - 23, -5*a + 229 = 2*v. Let l = -38 + a. What is the greatest common factor of l and 1?
1
Suppose 3*v - 692 = -92. Let p be 2/(-9) + (v/9 - 4). What is the greatest common factor of 24 and p?
6
Let c(d) = -155*d**3 - 1. Let u = -1 - 0. Let p be c(u). Calculate the greatest common factor of 14 and p.
14
Let f(g) = g**2 - 6. Suppose 5*j + 5 + 12 = 3*u, 2*u - 14 = 4*j. Let r = 3 - u. Let y be f(r). What is the highest common factor of 5 and y?
5
Let q = -29 + 26. Let k be (44 - (-6)/(q + 0)) + 2. Calculate the greatest common factor of 66 and k.
22
Suppose 2*j = -3*t + 17, -6*j + 2*j + 3*t + 43 = 0. Let k(c) = c**2 + 2*c. Let h be k(5). Let z = -25 + h. Calculate the highest common divisor of j and z.
10
Let c be 2 - -24 - 6/(-6). Let l = 339 + -150. Calculate the highest common factor of l and c.
27
Let h(b) be the first derivative of 6*b - 4 - 3*b**2 + 7 + 8*b. Let i be h(-11). Calculate the greatest common factor of i and 10.
10
Let z(d) = -12*d - 79. Let q be z(-9). What is the highest common factor of 783 and q?
29
Let h be 6*(-2 + 100/8). Let t = h + 5. Let u = t + 4. What is the greatest common factor of u and 48?
24
Suppose v = 5 - 2. Suppose -4*s - 7 = 5*h - 2*h, 2*h - 18 = v*s. Suppose 0 = 4*m - 5*m, 3*j + h*m - 384 = 0. Calculate the greatest common factor of 16 and j.
16
Let h = -1381 - -2483. What is the highest common factor of h and 38?
38
Let k = 1 + -1. Suppose -9 = 57*l - 66*l. Suppose f - l = -k*f. Calculate the greatest common factor of 3 and f.
1
Let l be 8206/4 - 27/6. Calculate the greatest common divisor of l and 23.
23
Let z be (-6 - 0)/(-14 - 19695/(-1410)). Calculate the greatest common divisor of z and 8.
4
Suppose -434*d + 20 = -429*d. Let u = 24 - 8. Calculate the highest common divisor of u and d.
4
Suppose 2*r + n - 6*n - 4 = 0, 2*n = 5*r - 10. Suppose 0 = r*s - 42 - 178. What is the highest common factor of s and 22?
22
Suppose b + 3*g = -82, -4*g + 31 = -b - 23. Let a = -22 - b. Calculate the greatest common factor of 48 and a.
48
Let l be (-2 + -2)/(92/(-138)). Calculate the highest common divisor of l and 10.
2
Let y(b) be the second derivative of 0 + 5/12*b**4 - 1/3*b**3 - 6*b - 3/2*b**2. Let z be y(-2). What is the greatest common divisor of 210 and z?
21
Let y(u) = -4*u**2 + 8*u - 2. Let n be y(3). Let m = -3 - n. What is the greatest common factor of 1 and m?
1
Let s = -422 - -276. Let a = s - -250. What is the greatest common divisor of 13 and a?
13
Let y(z) = -z**2 + 3*z + 89. Let q be y(9). What is the greatest common factor of q and 35?
35
Let k be 20*(1 + 3 + 3). What is the greatest common divisor of 28 and k?
28
Suppose 4*d = -2*w + 42, 2*w - 5*w - d + 38 = 0. Let g(o) = 2*o**2 - 5*o + 2. Let b be g(-5). Calculate the greatest common factor of w and b.
11
Let j = -27 + 32. Suppose -197 = -j*x + 23. What is the greatest common divisor of 110 and x?
22
Let p = 141 - 27. Calculate the greatest common factor of 38 and p.
38
Let q(k) = 2*k + 3. Let h be q(3). Suppose 4*t = -35 + 7. Let x(u) = -u**3 - 7*u**2 + 6. Let a be x(t). Calculate the highest common factor of h and a.
3
Let t be 6372/42*(-112)/(-12). What is the highest common divisor of t and 24?
24
Let s be -10 + (-2 - -8) + 1 + 30. What is the greatest common factor of 1431 and s?
27
Let v = 598 - 595. What is the highest common factor of 93 and v?
3
Let g be 3*((-16)/4 - -3) + 4. Suppose -169*k = -168*k - g. What is the greatest common factor of 1 and k?
1
Let r(b) = 30*b + 18. Let y be r(3). Calculate the highest common divisor of 324 and y.
108
Suppose 0 = -12*n + 15*n - 1572. Calculate the greatest common factor of 4 and n.
4
Let v(y) = 3*y**2 + 36*y - 5. Let g be v(-12). Let r = 8 - g. What is the greatest common factor of r and 91?
13
Let g be (36/(-15))/(8/(-260)). What is the highest common factor of 104 and g?
26
Let l = -49 - -129. What is the greatest common divisor of l and 100?
20
Suppose -69 = -2*q - 3*f, -5 + 0 = 5*f. Let t = q - 34. What is the highest common divisor of t and 4?
2
Let z be -9 + (-1666)/(-10 - 4). Let d be (-3)/(-2 - (-17)/10). What is the greatest common divisor of z and d?
10
Let z = 94 + -46. Calculate the greatest common divisor of 216 and z.
24
Suppose -3*z - j = -42 - 31, -5*z + j = -127. Suppose 33 = -o + 183. Suppose 0 = -2*a + 4*a - o. What is the greatest common divisor of a and z?
25
Let a(z) = -z**2 - 2*z + 109. Let g be a(9). What is the greatest common factor of 1070 and g?
10
Suppose -25*x + 20*x + 750 = 5*i, -20 = -5*x. What is the highest common divisor of i and 8?
2
Suppose 26*f - 270 = 11*f. What is the highest common divisor of f and 2034?
18
Let p(j) = 6*j + 5. Let w be p(5). Suppose 506 + 509 = 29*y. Calculate the highest common divisor of w and y.
35
Let i be (-15428)/(-29)*(0 + (-9)/(-6)). What is the highest common divisor of 42 and i?
42
Suppose 0 = 12*s - 15*s + 3648. Calculate the greatest common divisor of s and 64.
64
Let t = -189 + 191. Suppose -7*s + 2*s + 25 = 0. Suppose 1 = 3*f - 3*q - s, -5*f = 4*q - 28. Calculate the greatest common divisor of f and t.
2
Suppose -3*o = -269 - 4. Let h be (-2)/(-7) + 2886/o. Calculate the greatest common factor of h and 224.
32
Let x be (6/(-4))/((-12)/8). Suppose -k - x = 2. Let l be 3 + k - (-9 + 1). Calculate the highest common divisor of l and 1.
1
Suppose 15*w - 56 = 8*w. What is the highest common factor of w and 34?
2
Suppose -o + 47 = z - 3*o, o = 5*z - 226. What is the highest common factor of 60 and z?
15
Suppose -4*l + l = 0. Suppose -5*d + 0*d + 25 = l. Calculate the highest common factor of 10 and d.
5
Let c = 1777 + -1771. Calculate the greatest common factor of 237 and c.
3
Suppose -16 = -5*b - 6. Let p(o) = 0*o + 3*o + 3*o**2 + 6 - 4*o - 2*o**b. Let f be p(0). Calculate the highest common divisor of 24 and f.
6
Let d(c) = c**2 + 12*c - 35. Let z be d(-16). Let u = -23 - -14. Let q be (-59)/(-2) + u/18. What is the highest common factor of q and z?
29
Let k(c) = 2*c**2 - 17*c - 15. Let y be k(-4). What is the greatest common divisor of y and 15?
5
Let c be (90 - -6)*(-6)/(-12). What is the greatest common divisor of c and 120?
24
Let d(x) = x**3 + 31*x**2 + 47*x + 5. Let m be d(-29). What is the highest common divisor of m and 27?
27
Suppose 5*p - 16335 = -22*p. Calculate the greatest common divisor of 110 and p.
55
Let g = -62 - -33. Let s = g + 56. Let u(l) = l**3 + 21*l**2 + 19*l - 11. Let f be u(-20). What is the highest common divisor of f and s?
9
Let i(h) = 3*h**2 + 4*h - 64. Let s be i(-7). What is the highest common divisor of s and 143?
11
Let w(u) = u + 5. Let q be w(7). Let b be q/48 - (-1)/(-4). Suppose b*t = -t + 80. What is the greatest common divisor of t and 16?
16
Let x be (-6)/27 + (-303)/(-27). Suppose 21 + 78 = 3*i. Calculate the greatest common factor of i and x.
11
Let k be 3/(-12) - (-1494)/24. Suppose 0 = -3*r - 4*s + 154, -4*s + 42 = 2*r - k. What is the highest common divisor of 500 and r?
50
Suppose -g + 158 - 106 = 0. What is the highest common factor of 91 and g?
13
Suppose -208 = 25*p - 29*p. What is the highest common factor of 338 and p?
26
Suppose -4*c + 54 = -5*j, 52 = 5*c - 2*j - 7. Suppose 0 = -4*g + 43 - c. What is the greatest common divisor of g 